e r(c).
17
Let p(j) be the first derivative of 2*j**3/3 + 7*j**2/2 - 13*j + 6384. What is p(3)?
26
Let j(v) = 22118 - 14*v**2 - v**3 + 22062 - 44260 - 30*v. What is j(-12)?
-8
Suppose -4*r = -5*q - 4, 4*r = -q - 4*q + 4. Suppose -s - 2*m + r = 4, 5*m = -20. Let a(c) = -c**2 + 2*c + 2. Determine a(s).
-13
Let h(d) = 64*d - 67*d + d**2 + 3 + 4. Let p be h(4). Let b(s) = -s**3 + 11*s**2 + 4. What is b(p)?
4
Let b(x) = 3*x**3 + 19*x**2 - 19*x + 32. Suppose 10 = 17*z - 15*z. Let r(o) = -2*o**3 - 9*o**2 + 9*o - 16. Let m(j) = z*r(j) + 3*b(j). Calculate m(11).
5
Let b(z) = -42*z**3 - 29*z**2 - 50*z - 51. Let g(i) = 25*i**3 + 15*i**2 + 27*i + 25. Let k(m) = 3*b(m) + 5*g(m). Determine k(-11).
16
Let d(l) = -39*l + 157. Let n(q) = 13*q - 58. Let h(u) = 3*d(u) + 8*n(u). Determine h(5).
-58
Let v(p) = -34*p**3 + 12*p**2 + 7*p - 21. Let l(d) = 19*d**3 - 6*d**2 - 4*d + 11. Let r(j) = 9*l(j) + 5*v(j). Give r(-6).
0
Let x(p) = p**2 + 1. Suppose -3*a + 106 - 25 = 3*m, 0 = 5*m - 15. Suppose -12*t = -a - 36. What is x(t)?
26
Let o(s) = -s**2 + 8*s - 3. Let t(h) = -h**3 + h**2 - 12*h - 34. Let m be t(6). Let y = 291 + m. What is o(y)?
12
Let v = -8186 - -8233. Let q(z) = -6*z + 278. Give q(v).
-4
Let d(q) = q**3 + 5*q**2 + 2*q - 2. Let u(n) = -3*n - 18. Let p be u(-8). Let o be 1/(2/(-7))*p/3. Let s(a) = -a**2 - 6*a + 3. Let k be s(o). Determine d(k).
6
Let q = -5 - -21. Let r(k) = k**3 - 12*k + 10*k**2 + 75 - 19 - 24 - q. Calculate r(-11).
27
Let w(t) = -t**3 + 3*t**2 - 2*t + 1. Suppose -5*a + 205 + 30 = 0. Suppose -26 + a = 7*r. Determine w(r).
-5
Let s(i) = i**2 + i - 28. Let l be s(-6). Let g(b) be the third derivative of 1/24*b**4 + 1/3*b**3 + 0*b + 0 - 6*b**2. What is g(l)?
4
Let f(v) = -v**3 + 11*v**2 - 19*v + 11. Let s be (-1 - -5) + (-3 - -2)*30/(-6). Calculate f(s).
2
Let l(z) = -37*z**3 + z**2 + z. Let h be (-10950)/(-511) + 6/(-14). Suppose 4*a + 5*m + 15 - h = 0, -1 = 3*a + m. Determine l(a).
37
Let y(x) = 2*x - 2. Suppose -8*g + 9*g = 2. Suppose -28 = u - 2*p, -p + 20 + 27 = -g*u. Let d = 26 + u. What is y(d)?
6
Let b(u) = 34 + 17 + u**2 + 3873*u - 3859*u. Calculate b(-7).
2
Suppose k + 16*k = 136. Let j(x) = 1104*x - k - 1103*x + 2. Suppose 0 = -4*l + 3*l + 3. Give j(l).
-3
Suppose -40 - 134 = 29*m. Let o(s) = 3*s - 18. What is o(m)?
-36
Let q = 3 + -2. Let b(s) be the third derivative of -s**5/60 + s**3/6 - s**2 + 11*s - 82. Determine b(q).
0
Let z(a) = 4*a - 30. Let y be z(-9). Let w = y - -111. Suppose w = 12*p - 3*p. Let h(i) = i**2 - 3*i - 7. Calculate h(p).
3
Let f(v) = 2*v**2 + 10*v - 10. Suppose -3*k + 47 = -26*d + 21*d, -k = -4*d - 32. Calculate f(d).
18
Let x(f) = -7 + 7 - 98*f**2 + 104*f**2. Let j(w) = -2*w + 2. Let b be j(-2). Suppose -b + 3 = -3*p. What is x(p)?
6
Let j(z) = -3*z**2 + 141*z - 23. Let q(b) = 13*b - 1. Let y(s) = -j(s) + 6*q(s). Calculate y(20).
-43
Let w be ((-6)/30)/(20/(-25) - 189/(-245)). Let g(x) = -x**3 + 6*x**2 + 15*x + 5. Determine g(w).
61
Let o(d) = 3*d**3 - d**2 - 2*d - 2. Let n(f) = 2*f**2 + 1. Let k be n(0). Let w be ((-1)/(k/(-13)))/(19 + -18). Suppose 2*g - 9 + w = 0. What is o(g)?
-26
Let d(j) = -j**3 - 10*j**2 - 2*j + 69. Let x = 11211 - 11220. What is d(x)?
6
Let r(y) be the first derivative of -y**4/4 - 4*y**3 - 29*y**2/2 + 16*y - 3536. What is r(-9)?
34
Let l(s) be the third derivative of 49*s**5/60 + s**4/24 + s**3/3 - 2*s**2 - 104*s. What is l(-1)?
50
Suppose -716 = 3*j + 1315. Let o = 677 + j. Let s(b) = b**2 + b + 5. Give s(o).
5
Let j(b) be the second derivative of b**5/10 + 5*b**4/12 - b**3/2 + 3*b**2/2 - 2043*b. Give j(3).
93
Let c(j) = j**3 + 8*j**2 + 3*j + 30. Suppose 0 = 2*m - 5*z + 26, -m + 0*z - 2 = 3*z. Determine c(m).
6
Let o(p) = -p**3 - 3*p**2 + 3*p. Let j be o(-4). Let n be (-39)/(-21) - 14/(-98). Let s(f) = 9*f**2 - 24*f**2 + n*f**2 - 5*f + 15*f**2 + 3. What is s(j)?
15
Suppose -3*h + 3*g + 32 - 44 = 0, 2*h + 4*g = -20. Let z(p) = p + 5. Let v(i) = i + 5. Let c = 11 - 13. Let f(y) = c*z(y) + 3*v(y). Determine f(h).
-1
Let y(i) = -243*i - 47 + 245*i + 14 - i**3 + 18*i**2. Let a be y(18). Let n(v) = -a - 4 - v + 5. What is n(-2)?
0
Let l(m) = m**2 - 3*m - 5. Let z(n) = -n**2 + 6*n - 3. Let y be z(5). Suppose 0 = y*d + 19 - 31. Determine l(d).
13
Let l(t) be the second derivative of -t**5/20 - 4*t**4/3 + 11*t**3/6 + 31*t**2/2 + 9258*t. What is l(-17)?
133
Suppose 4*w - 36 = 16*o - 10*o, 5*o - 2*w = -38. Let x(a) = 8*a + 70. Give x(o).
-10
Let q(b) = -b**2 - 6*b - 14. Let i be 6/(-1)*(-26)/(-39). Let t(j) = -1. Let d(a) = i*t(a) + q(a). Calculate d(-4).
-2
Let h(w) be the second derivative of -w**4/12 - 5*w**3/6 - 11*w**2/2 + 1600*w. Calculate h(-8).
-35
Let n(l) = -3*l + 7. Let b(a) = -a - 17. Let v(s) = -2*b(s) + 3*n(s). What is v(10)?
-15
Let l(w) be the third derivative of w**6/120 - 17*w**5/30 - 17*w**4/12 - 35*w**3/6 - 4*w**2 - 3*w. Let k be l(35). Let c(j) = -j**2 + j + 6. Calculate c(k).
6
Let o = -13 + 24. Let c(v) be the third derivative of v**4/24 + v**3/3 - 37*v**2 + 2*v - 4. Determine c(o).
13
Let g(x) be the first derivative of 23*x**2 - 253*x + 279. What is g(6)?
23
Let p(u) = -8*u + 11. Suppose 10*n = 5*i + 5, -2*i - 17*n + 8 = -16*n. What is p(i)?
-13
Suppose 5*z + 0*f - 62 = 3*f, -4*f = 4*z - 24. Let x(k) = k**3 - 9*k**2 - 11*k - 14. Determine x(z).
-24
Let n = 729 - 724. Let d(y) = y**3 - 6*y**2 + 6*y - 7. Calculate d(n).
-2
Suppose 27*v - 28*v = -4. Suppose 4*n = s + 24, 7*s - 5*n + 37 = v*s. Let z(h) = -h**3 - 6*h**2 - 6*h - 1. Give z(s).
-9
Let q be 2*(12/(-5 + 7) - 8). Let f(n) = 7*n**2 + 5*n - 6. Let x = 38 + -32. Let s(g) = -15*g**2 - 10*g + 13. Let j(p) = x*s(p) + 13*f(p). Give j(q).
-4
Let h(j) be the first derivative of -j**6/180 - j**5/120 + j**4/24 + 2*j**3/3 - 4*j + 77. Let b(x) be the third derivative of h(x). Determine b(1).
-2
Suppose -3*k - 4 = -2*k + 5*f, 5*k = f + 32. Suppose 0 = -5*v + 2*r + 40, -k - 26 = -4*v - r. Let q(y) = y**3 - 7*y**2 - 8*y - 9. Calculate q(v).
-9
Let f(y) = y + 107. Suppose -7*w - 6 = 8. Let d(t) = 21. Let v(l) = w*f(l) + 11*d(l). What is v(12)?
-7
Suppose 44*m - 48*m = -24. Let w(q) = 21*q**2 - 19*q**2 - 2 - 3*q**2 + 11*q - m*q. Suppose 0*z + 4*z = 16. What is w(z)?
2
Let s(t) be the first derivative of -t**6/360 + t**5/60 + 7*t**4/24 + 71*t**3/3 - 123. Let z(x) be the third derivative of s(x). Give z(-4).
-17
Let x(m) = -61 + 61 + m**2. Let c(f) = -f**2 + 3*f - 3. Let l(z) = -c(z) - 3*x(z). Let d = 358 + -361. Give l(d).
-6
Let p(y) be the first derivative of -y**2/2 - 13*y + 62. Let b be p(-7). Let a(j) = -j**3 - 4*j**2 + 7*j - 8. Calculate a(b).
22
Let t(j) = -j**2 + 10*j - 10. Let o be ((-196)/(-6) - 2)*585/(-390). Let l(n) = 37*n. Let h be l(-1). Let a = h - o. What is t(a)?
-1
Let m(r) = -5*r**2 + 5*r**2 - 1 - 2*r**3 + r. Suppose -82551 = 12*b - 82563. Give m(b).
-2
Suppose -4*d + 3*a = -0*a - 38, -a + 22 = 3*d. Let w(j) = j**3 - 6*j**2 - 15*j - 12. Calculate w(d).
-4
Let o(i) = 6*i - 59. Let l = -2810 - -2820. Determine o(l).
1
Let t(q) be the third derivative of -q**6/120 - 2*q**5/15 - 5*q**4/12 - 7*q**3/3 - 94*q**2. Determine t(-6).
-26
Let l(o) = 5*o. Let x(r) = 2*r**3 + 5*r**2 - 74*r - 213. Let a be x(-3). Give l(a).
0
Suppose 3*g + g = -4*k + 12, -2*g = -k. Suppose 2*s - 15 = -f, -k*f + 4*f = 3*s - 5. Let t(a) = -s + 3*a + 5 + 2 - a. Calculate t(3).
8
Let n(h) = 84*h**3 - 24*h**2 - 14*h - 1. Let f(a) = 5*a**2 + 3*a. Let t(x) = 5*f(x) + n(x). What is t(1)?
85
Suppose -155*w + 270*w = 0. Let z(g) = -g**3 - g**2 + g + 46. Give z(w).
46
Let r(y) be the first derivative of -2*y**4 + 2*y**3/3 - 3*y**2/2 + 2*y + 2273. What is r(1)?
-7
Let n(i) = 4*i - 87 + 82 + 27*i**3 - 3*i - 16*i**3 - 7*i. Give n(-1).
-10
Let s(z) = -z**2 + 11*z. Let j(u) be the second derivative of u**5/20 + u**4/2 - 43*u**3/6 - 19*u**2/2 + 51*u. Let p be j(-10). Give s(p).
0
Let l(i) = i**2 - 16*i + 55. Let m(f) = -2*f**2 + 31*f - 110. Let v(b) = -5*l(b) - 2*m(b). What is v(15)?
-10
Let w(a) = 11*a**3 - 6*a**2 - 12*a + 4. Let s(k) = 18*k - 161. Let v be s(9). Let h(q) = 2*q**3 - 2*q + 1. Let l(j) = v*w(j) - 6*h(j). Give l(-6).
-2
Let j = -281 + 263. Let y(s) = s**3 + 17*s**2 - 20*s - 45. Give y(j).
-9
Suppose 5*w = -4*r + 8, 7*r + 3*w = 3*r + 8. Let d(c) = -c - 3 + 12*c**2 - 27*c**2 + 16*c**r. Suppose 4*p + 14 = x, p + p = 4*x. What is d(p)?
17
S